{"id":162,"date":"2018-07-16T10:56:47","date_gmt":"2018-07-16T08:56:47","guid":{"rendered":"http:\/\/wp11.ipk.fraunhofer.de\/?page_id=162"},"modified":"2025-01-13T10:26:36","modified_gmt":"2025-01-13T09:26:36","slug":"prozessmanagement-partizipativ-etablieren","status":"publish","type":"page","link":"https:\/\/moogo.ipk.fraunhofer.de\/?page_id=162","title":{"rendered":"Prozessmanagement partizipativ etablieren"},"content":{"rendered":"<p>Die verst\u00e4rkte Kundenorientierung der \u00f6ffentlichen Unternehmen und Beh\u00f6rden f\u00fchrt unter anderem zur Forderung, die Kommunikation und Koordination der Arbeitsbereiche verst\u00e4rkt an den Bed\u00fcrfnissen der B\u00fcrger auszurichten. Die traditionellen Bereichsgrenzen stehen hierbei ebenso auf dem Pr\u00fcfstand, wie die Arbeitsaufgaben der Organisationseinheiten. Mit Hilfe ganzheitlicher Gesch\u00e4ftsprozessanalyse k\u00f6nnen Kommunikation und Koordination transparent abgebildet und Optimierungspotentiale identifiziert werden.<\/p>\n","protected":false},"excerpt":{"rendered":"<p>Die verst\u00e4rkte Kundenorientierung der \u00f6ffentlichen Unternehmen und Beh\u00f6rden f\u00fchrt unter anderem zur Forderung, die Kommunikation und Koordination der Arbeitsbereiche verst\u00e4rkt an den Bed\u00fcrfnissen der B\u00fcrger auszurichten. Die traditionellen Bereichsgrenzen stehen hierbei ebenso auf dem Pr\u00fcfstand, wie die Arbeitsaufgaben der Organisationseinheiten&#8230;.<\/p>\n","protected":false},"author":1,"featured_media":0,"parent":141,"menu_order":0,"comment_status":"closed","ping_status":"closed","template":"","meta":[],"coauthors":[2],"_links":{"self":[{"href":"https:\/\/moogo.ipk.fraunhofer.de\/index.php?rest_route=\/wp\/v2\/pages\/162"}],"collection":[{"href":"https:\/\/moogo.ipk.fraunhofer.de\/index.php?rest_route=\/wp\/v2\/pages"}],"about":[{"href":"https:\/\/moogo.ipk.fraunhofer.de\/index.php?rest_route=\/wp\/v2\/types\/page"}],"author":[{"embeddable":true,"href":"https:\/\/moogo.ipk.fraunhofer.de\/index.php?rest_route=\/wp\/v2\/users\/1"}],"replies":[{"embeddable":true,"href":"https:\/\/moogo.ipk.fraunhofer.de\/index.php?rest_route=%2Fwp%2Fv2%2Fcomments&post=162"}],"version-history":[{"count":2,"href":"https:\/\/moogo.ipk.fraunhofer.de\/index.php?rest_route=\/wp\/v2\/pages\/162\/revisions"}],"predecessor-version":[{"id":320,"href":"https:\/\/moogo.ipk.fraunhofer.de\/index.php?rest_route=\/wp\/v2\/pages\/162\/revisions\/320"}],"up":[{"embeddable":true,"href":"https:\/\/moogo.ipk.fraunhofer.de\/index.php?rest_route=\/wp\/v2\/pages\/141"}],"wp:attachment":[{"href":"https:\/\/moogo.ipk.fraunhofer.de\/index.php?rest_route=%2Fwp%2Fv2%2Fmedia&parent=162"}],"wp:term":[{"taxonomy":"author","embeddable":true,"href":"https:\/\/moogo.ipk.fraunhofer.de\/index.php?rest_route=%2Fwp%2Fv2%2Fcoauthors&post=162"}],"curies":[{"name":"wp","href":"https:\/\/api.w.org\/{rel}","templated":true}]}}