{"id":156,"date":"2018-07-16T10:53:09","date_gmt":"2018-07-16T08:53:09","guid":{"rendered":"http:\/\/wp11.ipk.fraunhofer.de\/?page_id=156"},"modified":"2025-01-13T10:25:11","modified_gmt":"2025-01-13T09:25:11","slug":"prozessmanagement-im-krankenhaus-visualisieren-und-bewerten-von-arbeitsablaeufen","status":"publish","type":"page","link":"https:\/\/moogo.ipk.fraunhofer.de\/?page_id=156","title":{"rendered":"Prozessmanagement im Krankenhaus: Visualisieren und bewerten von Arbeitsabl\u00e4ufen"},"content":{"rendered":"<p>Der immer gr\u00f6\u00dfer werdende Kostendruck auf die Krankenh\u00e4user erfordert auch in diesem Bereich eine intensive Auseinandersetzung mit den Prozessstrukturen. Das Prozessmanagement entspricht den Anspr\u00fcchen an leistungsbezogene Entgelte, steigenden Kostendruck, Qualit\u00e4tssicherung und Motivation der Mitarbeiter durch eine ablauf-bezogene Sichtweise. Es bietet die Voraussetzung f\u00fcr moderne Managementmethoden und erlaubt eine differenzierte Kostenanalyse bis auf die T\u00e4tigkeitsebene. Die Behandlungsabl\u00e4ufe werden entsprechend der am Patienten durchgef\u00fchrten T\u00e4tigkeiten visualisiert. Die Schnittstellen zwischen den Prozessen werden klar definiert und transparent gemacht. Kennzahlen (Kosten, Auslastung, etc.) werden hinterlegt und ausgewertet.<\/p>\n<p><a href=\"https:\/\/moogo.ipk.fraunhofer.de\/wp-content\/uploads\/2025\/01\/170809_Prozessmanagement-im-Krankenhaus.pdf\" target=\"_blank\" rel=\"noopener\">More Information<\/a><\/p>\n","protected":false},"excerpt":{"rendered":"<p>Der immer gr\u00f6\u00dfer werdende Kostendruck auf die Krankenh\u00e4user erfordert auch in diesem Bereich eine intensive Auseinandersetzung mit den Prozessstrukturen. Das Prozessmanagement entspricht den Anspr\u00fcchen an leistungsbezogene Entgelte, steigenden Kostendruck, Qualit\u00e4tssicherung und Motivation der Mitarbeiter durch eine ablauf-bezogene Sichtweise. Es bietet&#8230;<\/p>\n","protected":false},"author":1,"featured_media":0,"parent":141,"menu_order":0,"comment_status":"closed","ping_status":"closed","template":"","meta":[],"coauthors":[2],"_links":{"self":[{"href":"https:\/\/moogo.ipk.fraunhofer.de\/index.php?rest_route=\/wp\/v2\/pages\/156"}],"collection":[{"href":"https:\/\/moogo.ipk.fraunhofer.de\/index.php?rest_route=\/wp\/v2\/pages"}],"about":[{"href":"https:\/\/moogo.ipk.fraunhofer.de\/index.php?rest_route=\/wp\/v2\/types\/page"}],"author":[{"embeddable":true,"href":"https:\/\/moogo.ipk.fraunhofer.de\/index.php?rest_route=\/wp\/v2\/users\/1"}],"replies":[{"embeddable":true,"href":"https:\/\/moogo.ipk.fraunhofer.de\/index.php?rest_route=%2Fwp%2Fv2%2Fcomments&post=156"}],"version-history":[{"count":5,"href":"https:\/\/moogo.ipk.fraunhofer.de\/index.php?rest_route=\/wp\/v2\/pages\/156\/revisions"}],"predecessor-version":[{"id":319,"href":"https:\/\/moogo.ipk.fraunhofer.de\/index.php?rest_route=\/wp\/v2\/pages\/156\/revisions\/319"}],"up":[{"embeddable":true,"href":"https:\/\/moogo.ipk.fraunhofer.de\/index.php?rest_route=\/wp\/v2\/pages\/141"}],"wp:attachment":[{"href":"https:\/\/moogo.ipk.fraunhofer.de\/index.php?rest_route=%2Fwp%2Fv2%2Fmedia&parent=156"}],"wp:term":[{"taxonomy":"author","embeddable":true,"href":"https:\/\/moogo.ipk.fraunhofer.de\/index.php?rest_route=%2Fwp%2Fv2%2Fcoauthors&post=156"}],"curies":[{"name":"wp","href":"https:\/\/api.w.org\/{rel}","templated":true}]}}